{"id":2389,"date":"2021-02-21T19:52:16","date_gmt":"2021-02-21T18:52:16","guid":{"rendered":"https:\/\/www.katar-information.de\/?page_id=2389"},"modified":"2021-02-22T20:12:52","modified_gmt":"2021-02-22T19:12:52","slug":"mit-hund-in-katar","status":"publish","type":"page","link":"https:\/\/www.katar-information.de\/index.php\/mit-hund-in-katar\/","title":{"rendered":"Mit Hund in Katar"},"content":{"rendered":"\n<h1 class=\"wp-block-heading\"><strong>Mit Hund in Katar &#8211; Mit Hund in Doha<\/strong><\/h1>\n\n\n\n<p>In Katar unterscheidet sich der Umgang mit Hunden und deren Wahrnehmung zu dem, wie Hunde in den meisten anderen L\u00e4ndern gesehen werden. Hintergrund ist der <a href=\"https:\/\/www.katar-information.de\/index.php\/katar-im-ueberblick\/staatsform-und-regierung-von-katar\/\" data-type=\"page\" data-id=\"692\">islamische Glauben<\/a> und dessen Blick auf die Vierbeiner. Hunde werden in Katar wohlwollend toleriert. Allerdings haben Hunde in Katar zu einigen Bereichen Zutrittsverbot bzw. es herrscht teilweise Leinenzwang. Dazu geh\u00f6ren auch verschiedenen Areale in <strong><a href=\"https:\/\/www.katar-information.de\/index.php\/doha-die-hauptstadt-von-katar\/\" data-type=\"page\" data-id=\"525\">Doha<\/a><\/strong> bzw. <a href=\"https:\/\/www.katar-information.de\/index.php\/urlaub-in-katar\/badestraende-in-katar\/\" data-type=\"page\" data-id=\"822\">Str\u00e4nde<\/a>. <\/p>\n\n\n\n<figure class=\"wp-block-image size-full is-resized\"><img decoding=\"async\" src=\"https:\/\/www.katar-information.de\/wp-content\/uploads\/2021\/02\/mit-hund-in-katar-am-strand.png\" alt=\"Mit Hund in Katar - Mit Hund am Strand (Wakrah Beach)\" class=\"wp-image-2406\" width=\"850\" srcset=\"https:\/\/www.katar-information.de\/wp-content\/uploads\/2021\/02\/mit-hund-in-katar-am-strand.png 913w, https:\/\/www.katar-information.de\/wp-content\/uploads\/2021\/02\/mit-hund-in-katar-am-strand-300x136.png 300w, https:\/\/www.katar-information.de\/wp-content\/uploads\/2021\/02\/mit-hund-in-katar-am-strand-768x349.png 768w\" sizes=\"(max-width: 913px) 100vw, 913px\" \/><figcaption>Mit Hund in Katar &#8211; Mit Hund am Strand (Wakrah Beach)<\/figcaption><\/figure>\n\n\n\n<p>In Katar bzw. <a href=\"https:\/\/www.katar-information.de\/index.php\/doha-die-hauptstadt-von-katar\/doha-im-ueberblick\/\" data-type=\"page\" data-id=\"572\">Doha<\/a> existieren viele Orte und Bereiche, an denen sich Hunde und ihre Besitzer austoben k\u00f6nnen. Allerdings sind einige Regeln zu befolgen, wie in anderen L\u00e4ndern auch.<\/p>\n\n\n\n<h2 class=\"wp-block-heading\">Temperatur im Katar<\/h2>\n\n\n\n<hr class=\"wp-block-separator\"\/>\n\n\n\n<p class=\"has-text-align-center\"><strong>Hundebesitzer sollten immer die hohen Temperaturen im Auge behalten.<\/strong><\/p>\n\n\n\n<hr class=\"wp-block-separator\"\/>\n\n\n\n<p>In <a href=\"https:\/\/www.katar-information.de\/index.php\/katar-im-ueberblick\/klima-in-katar\/\" data-type=\"page\" data-id=\"681\">Doha bzw. Katar liegt die Temperatur oft \u00fcber 35 Grad Celsius<\/a>. Bei diesen hohen Temperaturen sollte jeder Ausflug vorab genau geplant werden. So sollte gen\u00fcgend Wasser f\u00fcr den Ausflug vorhanden sein sowie gen\u00fcgend Ruhepausen eingeplant werden.<\/p>\n","protected":false},"excerpt":{"rendered":"<div class=\"slide-text-bg2\"><span>Mit Hund in Katar &#8211; Mit Hund in Doha In Katar unterscheidet sich der Umgang mit Hunden und deren Wahrnehmung zu dem, wie Hunde in den meisten anderen<\/span><\/div>\n<div class=\"slide-btn-area-sm\"><a href=\"https:\/\/www.katar-information.de\/index.php\/mit-hund-in-katar\/\" class=\"slide-btn-sm\">weiterlesen<\/a><\/div>\n","protected":false},"author":1,"featured_media":0,"parent":0,"menu_order":0,"comment_status":"closed","ping_status":"closed","template":"","meta":{"footnotes":""},"class_list":["post-2389","page","type-page","status-publish","hentry"],"_links":{"self":[{"href":"https:\/\/www.katar-information.de\/index.php\/wp-json\/wp\/v2\/pages\/2389","targetHints":{"allow":["GET"]}}],"collection":[{"href":"https:\/\/www.katar-information.de\/index.php\/wp-json\/wp\/v2\/pages"}],"about":[{"href":"https:\/\/www.katar-information.de\/index.php\/wp-json\/wp\/v2\/types\/page"}],"author":[{"embeddable":true,"href":"https:\/\/www.katar-information.de\/index.php\/wp-json\/wp\/v2\/users\/1"}],"replies":[{"embeddable":true,"href":"https:\/\/www.katar-information.de\/index.php\/wp-json\/wp\/v2\/comments?post=2389"}],"version-history":[{"count":26,"href":"https:\/\/www.katar-information.de\/index.php\/wp-json\/wp\/v2\/pages\/2389\/revisions"}],"predecessor-version":[{"id":2479,"href":"https:\/\/www.katar-information.de\/index.php\/wp-json\/wp\/v2\/pages\/2389\/revisions\/2479"}],"wp:attachment":[{"href":"https:\/\/www.katar-information.de\/index.php\/wp-json\/wp\/v2\/media?parent=2389"}],"curies":[{"name":"wp","href":"https:\/\/api.w.org\/{rel}","templated":true}]}}