{"id":253,"date":"2017-01-04T13:13:14","date_gmt":"2017-01-04T12:13:14","guid":{"rendered":"http:\/\/www.katar-information.de\/?page_id=253"},"modified":"2017-05-14T16:14:00","modified_gmt":"2017-05-14T14:14:00","slug":"flug-nach-doha-katar-guenstig-online-buchen","status":"publish","type":"page","link":"https:\/\/www.katar-information.de\/index.php\/flug-nach-doha-katar\/flug-nach-doha-katar-guenstig-online-buchen\/","title":{"rendered":"Flug nach Doha (Katar) g\u00fcnstig online buchen"},"content":{"rendered":"<h2>G\u00fcnstige Fl\u00fcge nach Katar per Online-Flugreiseportal finden<\/h2>\n<p>Um einen g\u00fcnstigen Flug nach Katar zu finden, eigenen sich besonders die bekannten Online-Flugreise-Vergleichsportale bzw. Online-Flugticketbuchungsportale. Bei diesen kann am Startflughafen, z. B. Flughafen Frankfurt am Main (FRA), das Hinflug- und R\u00fcckflugdatum eingegeben werden sowie die Anzahl der Urlauber bzw. Reisenden, die Katar besuchen m\u00f6chten. Als Zielflughafen ist der Hamad International Airport in Doha (Hauptstadt) zu w\u00e4hlen.<\/p>\n<div id=\"attachment_421\" style=\"width: 810px\" class=\"wp-caption aligncenter\"><img loading=\"lazy\" decoding=\"async\" aria-describedby=\"caption-attachment-421\" class=\"size-full wp-image-421\" src=\"http:\/\/www.katar-information.de\/wp-content\/uploads\/2017\/01\/guenstigen-flug-nach-doha-online-buchen.jpg\" alt=\"\" width=\"800\" height=\"339\" srcset=\"https:\/\/www.katar-information.de\/wp-content\/uploads\/2017\/01\/guenstigen-flug-nach-doha-online-buchen.jpg 800w, https:\/\/www.katar-information.de\/wp-content\/uploads\/2017\/01\/guenstigen-flug-nach-doha-online-buchen-300x127.jpg 300w, https:\/\/www.katar-information.de\/wp-content\/uploads\/2017\/01\/guenstigen-flug-nach-doha-online-buchen-768x325.jpg 768w\" sizes=\"auto, (max-width: 800px) 100vw, 800px\" \/><p id=\"caption-attachment-421\" class=\"wp-caption-text\">Anflug auf Doha &#8211; G\u00fcnstigen Flug nach Doha buchen<\/p><\/div>\n<p>Anschlie\u00dfend werden m\u00f6gliche Fl\u00fcge nach Katar aufgelistet. Die Flugangebote nach Doha k\u00f6nnen meist sortiert werden. Ebenso bieten viele der Online-Portale f\u00fcr Fl\u00fcge Filter an. \u00dcber diese kann der Katar- Reisende das Gesamtangebot der Fl\u00fcge eingrenzen, z. B. nach einer bestimmten Preisspanne bzw. der Anzahl der Zwischenstopps auf der Flugreise nach Katar.<\/p>\n<h3>Flug nach Doha mit Zwischenstopps<\/h3>\n<p>Super g\u00fcnstige <strong>Fl\u00fcge nach Katar sind f\u00fcr Preise unter 278 Euro zu buchen<\/strong>. Allerdings ist bei solch g\u00fcnstigen Flugangeboten nach Katar mit 1 bis 2 Zwischenstopps zu rechnen, z. B. in Istanbul, Kairo oder Bahrain. Diese Zwischenstopps w\u00e4hrend der Flugreise nach Doha\/Katar k\u00f6nnen oft mehrere Stunden dauern.<\/p>\n<h3>G\u00fcnstiger Flug nach Katar vs. l\u00e4ngerer Reisezeit nach Doha<\/h3>\n<p>Auf der Suche nach einem g\u00fcnstigen Flugangebot mit Ziel Hamad International Airport in Doha sollte der Reisende also vorab abw\u00e4gen, ob ihm die Preisersparnis eine deutlich l\u00e4ngere Flugreise wert ist.<\/p>\n<h3>Standardpreisspanne f\u00fcr Flugreise zum Hamad International Airport in Doha<\/h3>\n<p>Die normale Preisspanne f\u00fcr Fl\u00fcge nach Doha betr\u00e4gt zwischen <strong>ca. 460 &#8211; und 800 Euro<\/strong> f\u00fcr den Hin- und R\u00fcckflug.<\/p>\n","protected":false},"excerpt":{"rendered":"<div class=\"slide-text-bg2\"><span>G\u00fcnstige Fl\u00fcge nach Katar per Online-Flugreiseportal finden Um einen g\u00fcnstigen Flug nach Katar zu finden, eigenen sich besonders die bekannten Online-Fl<\/span><\/div>\n<div class=\"slide-btn-area-sm\"><a href=\"https:\/\/www.katar-information.de\/index.php\/flug-nach-doha-katar\/flug-nach-doha-katar-guenstig-online-buchen\/\" class=\"slide-btn-sm\">weiterlesen<\/a><\/div>\n","protected":false},"author":1,"featured_media":0,"parent":30,"menu_order":5,"comment_status":"closed","ping_status":"closed","template":"","meta":{"footnotes":""},"class_list":["post-253","page","type-page","status-publish","hentry"],"_links":{"self":[{"href":"https:\/\/www.katar-information.de\/index.php\/wp-json\/wp\/v2\/pages\/253","targetHints":{"allow":["GET"]}}],"collection":[{"href":"https:\/\/www.katar-information.de\/index.php\/wp-json\/wp\/v2\/pages"}],"about":[{"href":"https:\/\/www.katar-information.de\/index.php\/wp-json\/wp\/v2\/types\/page"}],"author":[{"embeddable":true,"href":"https:\/\/www.katar-information.de\/index.php\/wp-json\/wp\/v2\/users\/1"}],"replies":[{"embeddable":true,"href":"https:\/\/www.katar-information.de\/index.php\/wp-json\/wp\/v2\/comments?post=253"}],"version-history":[{"count":22,"href":"https:\/\/www.katar-information.de\/index.php\/wp-json\/wp\/v2\/pages\/253\/revisions"}],"predecessor-version":[{"id":1566,"href":"https:\/\/www.katar-information.de\/index.php\/wp-json\/wp\/v2\/pages\/253\/revisions\/1566"}],"up":[{"embeddable":true,"href":"https:\/\/www.katar-information.de\/index.php\/wp-json\/wp\/v2\/pages\/30"}],"wp:attachment":[{"href":"https:\/\/www.katar-information.de\/index.php\/wp-json\/wp\/v2\/media?parent=253"}],"curies":[{"name":"wp","href":"https:\/\/api.w.org\/{rel}","templated":true}]}}