{"id":409,"date":"2017-01-08T18:00:41","date_gmt":"2017-01-08T17:00:41","guid":{"rendered":"http:\/\/www.katar-information.de\/?page_id=409"},"modified":"2017-04-19T22:25:20","modified_gmt":"2017-04-19T20:25:20","slug":"verkehr-in-katar","status":"publish","type":"page","link":"https:\/\/www.katar-information.de\/index.php\/wissenwertes-zu-katar\/verkehr-in-katar\/","title":{"rendered":"Verkehr in Katar"},"content":{"rendered":"<h2>Rechtsverkehr ohne Verkehrsdisziplin<\/h2>\n<p>In Katar wird auf der rechten Seite gefahren, allerdings ohne das uns bekannt Verst\u00e4ndnis von Disziplin sowie vorrausschauendem Fahren. Daher sind die ersten Minuten als Fahrer eines KfZ in Katar sehr bewegt und interessant.<\/p>\n<div id=\"attachment_410\" style=\"width: 810px\" class=\"wp-caption aligncenter\"><img loading=\"lazy\" decoding=\"async\" aria-describedby=\"caption-attachment-410\" class=\"size-full wp-image-410\" src=\"http:\/\/www.katar-information.de\/wp-content\/uploads\/2017\/01\/strassenverkehr-in-doha-katar.jpg\" alt=\"Strassenverkehr in Doha (Katar)\" width=\"800\" height=\"339\" srcset=\"https:\/\/www.katar-information.de\/wp-content\/uploads\/2017\/01\/strassenverkehr-in-doha-katar.jpg 800w, https:\/\/www.katar-information.de\/wp-content\/uploads\/2017\/01\/strassenverkehr-in-doha-katar-300x127.jpg 300w, https:\/\/www.katar-information.de\/wp-content\/uploads\/2017\/01\/strassenverkehr-in-doha-katar-768x325.jpg 768w\" sizes=\"auto, (max-width: 800px) 100vw, 800px\" \/><p id=\"caption-attachment-410\" class=\"wp-caption-text\">Stra\u00dfenverkehr in Doha (Katar)<\/p><\/div>\n<p>Ebenso ist das Verhalten einiger Verkehrsteilnehmer nur sehr schwer zu verstehen bzw. zu durchschauen. So geh\u00f6ren das Missachten von Verkehrsregeln sowie spontane nicht erkl\u00e4rbare Entscheidungen von Fahren (z. B. R\u00fcckw\u00e4rtsfahren im Kreisverkehr) zum Allt\u00e4glichen.<\/p>\n<p>Ein Ursache f\u00fcr die mangelnde Verkehrsdisziplin und R\u00fccksichtnahme ist zum einen der Fakt, dass viele Verkehrsteilnehmer aus L\u00e4ndern wie Indien oder Pakistan stammen und in Katar ihrer ersten Fahrversuche unternehmen. Eine andere Ursache ist der Fakt, dass die Kataris selbst erst seit j\u00fcngerer Vergangenheit fl\u00e4chendeckend motorisiert sind.<\/p>\n<h3>Stra\u00dfenverkehr &#8211; Todesursache Nummer 1<\/h3>\n<p>In Katar ist der t\u00e4gliche Stra\u00dfenverkehr somit das Gef\u00e4hrlichste f\u00fcr Besuche des Landes und unter Kataris die Todesursache Nummer 1.<\/p>\n<h3>Kein Alkohol am Steuer in Katar<\/h3>\n<p>Wichtig: Es gilt eine <a href=\"http:\/\/www.katar-information.de\/index.php\/wissenwertes-zu-katar\/alkohol-in-katar\/\">0,0 Promille-Grenze in Katar<\/a> bez\u00fcglich der Fahrverbotsgrenze.<br \/>\nWeiter Hinweise zum Thema Alkohol in Katar sind unter folgendem Link hinterlegt.<\/p>\n<ul>\n<li>\u00a0<a href=\"http:\/\/www.katar-information.de\/index.php\/wissenwertes-zu-katar\/alkohol-in-katar\/\">\u00bb Alkohol in Katar<\/a><\/li>\n<\/ul>\n","protected":false},"excerpt":{"rendered":"<div class=\"slide-text-bg2\"><span>Rechtsverkehr ohne Verkehrsdisziplin In Katar wird auf der rechten Seite gefahren, allerdings ohne das uns bekannt Verst\u00e4ndnis von Disziplin sowie vorraus<\/span><\/div>\n<div class=\"slide-btn-area-sm\"><a href=\"https:\/\/www.katar-information.de\/index.php\/wissenwertes-zu-katar\/verkehr-in-katar\/\" class=\"slide-btn-sm\">weiterlesen<\/a><\/div>\n","protected":false},"author":1,"featured_media":0,"parent":2,"menu_order":200,"comment_status":"closed","ping_status":"closed","template":"","meta":{"footnotes":""},"class_list":["post-409","page","type-page","status-publish","hentry"],"_links":{"self":[{"href":"https:\/\/www.katar-information.de\/index.php\/wp-json\/wp\/v2\/pages\/409","targetHints":{"allow":["GET"]}}],"collection":[{"href":"https:\/\/www.katar-information.de\/index.php\/wp-json\/wp\/v2\/pages"}],"about":[{"href":"https:\/\/www.katar-information.de\/index.php\/wp-json\/wp\/v2\/types\/page"}],"author":[{"embeddable":true,"href":"https:\/\/www.katar-information.de\/index.php\/wp-json\/wp\/v2\/users\/1"}],"replies":[{"embeddable":true,"href":"https:\/\/www.katar-information.de\/index.php\/wp-json\/wp\/v2\/comments?post=409"}],"version-history":[{"count":11,"href":"https:\/\/www.katar-information.de\/index.php\/wp-json\/wp\/v2\/pages\/409\/revisions"}],"predecessor-version":[{"id":1159,"href":"https:\/\/www.katar-information.de\/index.php\/wp-json\/wp\/v2\/pages\/409\/revisions\/1159"}],"up":[{"embeddable":true,"href":"https:\/\/www.katar-information.de\/index.php\/wp-json\/wp\/v2\/pages\/2"}],"wp:attachment":[{"href":"https:\/\/www.katar-information.de\/index.php\/wp-json\/wp\/v2\/media?parent=409"}],"curies":[{"name":"wp","href":"https:\/\/api.w.org\/{rel}","templated":true}]}}