{"id":525,"date":"2017-01-12T10:44:19","date_gmt":"2017-01-12T09:44:19","guid":{"rendered":"http:\/\/www.katar-information.de\/?page_id=525"},"modified":"2018-06-25T11:57:21","modified_gmt":"2018-06-25T09:57:21","slug":"doha-die-hauptstadt-von-katar","status":"publish","type":"page","link":"https:\/\/www.katar-information.de\/index.php\/doha-die-hauptstadt-von-katar\/","title":{"rendered":"Doha die Hauptstadt von Katar"},"content":{"rendered":"<h2>Interessantes zur Hauptstadt von Katar<\/h2>\n<p>Doha bedeutet auf arabisch ad-Dauha, ad-Dauha und im Dialekt ad-Doha was mit die Bucht \u00fcbersetzt werden kann. Der Namen stammt von der Lage Dohas ab, da Doha an einer Bucht im Persischen Golf liegt. Doha ist eine lebendige Metropole, die im Eiltempo zu den anderen Metropolen Arabiens aufschlie\u00dft. Die Stadt verdeutlicht das Zusammenwachsen von Tradition und Moderne in Katar, was sich vor allem in der Architektur widerspiegelt. Zur FIFA Fu\u00dfball Weltmeisterschaft 2022 in Katar werden in sechs Stadien in Doha Spiele ausgetragen.<\/p>\n<div id=\"attachment_527\" style=\"width: 810px\" class=\"wp-caption aligncenter\"><img loading=\"lazy\" decoding=\"async\" aria-describedby=\"caption-attachment-527\" class=\"size-full wp-image-527\" src=\"http:\/\/www.katar-information.de\/wp-content\/uploads\/2017\/01\/blick-auf-doha-doha-west-bay-area.jpg\" alt=\"Blick auf Doha (West Bay Area)\" width=\"800\" height=\"273\" srcset=\"https:\/\/www.katar-information.de\/wp-content\/uploads\/2017\/01\/blick-auf-doha-doha-west-bay-area.jpg 800w, https:\/\/www.katar-information.de\/wp-content\/uploads\/2017\/01\/blick-auf-doha-doha-west-bay-area-300x102.jpg 300w, https:\/\/www.katar-information.de\/wp-content\/uploads\/2017\/01\/blick-auf-doha-doha-west-bay-area-768x262.jpg 768w\" sizes=\"auto, (max-width: 800px) 100vw, 800px\" \/><p id=\"caption-attachment-527\" class=\"wp-caption-text\">Blick auf Doha (West Bay Area)<\/p><\/div>\n<h3>Doha die gr\u00f6\u00dfte Stadt Katars<\/h3>\n<p>Doha, die Hauptstadt von Katar, ist per <a href=\"http:\/\/www.katar-information.de\/index.php\/flug-nach-doha-katar\/flugzeit-nach-doha-katar\/\">Flug in ca. 6 bis 7 Flugstunden<\/a> aus Deutschland zu erreichen. Sie ist die Stadt mit den meisten Bewohnern in Katar. In Doha leben \u00fcber 700.000 Menschen, dies sind \u00fcber 50% Prozent der Bev\u00f6lkerung von Katar. Doha befindet sich an einer Bucht hin zum Persischen Golf und damit im \u00f6stlichen Teil des Landes. Doha ist eine sehr schnell wachsende Stadt, die mit der in der N\u00e4he liegenden Stadt Ar-Rayyan immer mehr zusammenw\u00e4chst.<\/p>\n<h3>Doha als Reiseziel<\/h3>\n<p>Die Stadt Doha wird bei Reisenden und als Urlaubsziel immer beliebter, da Reisende in ihr arabische und islamische Atmosph\u00e4re finden. Ebenso eignet sich Doha ideal f\u00fcr ein <a href=\"http:\/\/www.katar-information.de\/index.php\/flug-nach-doha-katar\/zwischenstopp-in-doha-stopover-in-doha\/\">Stopover<\/a> z. B. f\u00fcr Shopping oder eine W\u00fcstensafari.<\/p>\n<h3>Flug nach Doha<\/h3>\n<p>Hilfreiche Informationen zu g\u00fcnstigen Fl\u00fcgen nach Doha (Katar) sind unter folgendem Link zu finden.<br \/>\n<a href=\"http:\/\/www.katar-information.de\/index.php\/flug-nach-doha-katar\/\">\u00bb Flug nach Doha (Katar)<\/a><\/p>\n<h3>\u00dcbernachtung in Doha<\/h3>\n<p>Doha bietet mit Abstand die meisten M\u00f6glichkeiten f\u00fcr Reisende und Touristen zum \u00dcbernachten an. In Doha gibt es zahlreiche Hotels. Allerdings sollten Hotelreservierungen vor Reisebeginn get\u00e4tigt werden, da die \u00dcbernachtungskapazit\u00e4ten in Doha begrenzt sind. N\u00fctzliche Tipps f\u00fcr die Suche nach einer \u00dcbernachtungsm\u00f6glichkeit bzw. das Buchen eines Hotels sind per folgendem Link zu finden.<br \/>\n<a href=\"http:\/\/www.katar-information.de\/index.php\/hotels-in-doha-hotels-in-katar\/hotel-in-doha\/\">\u00bb Hotelsuche Doha<\/a><\/p>\n<h3>Hamad International Airport in Doha<\/h3>\n<p>In der Hauptstadt Katars befindet sich der <a href=\"http:\/\/www.katar-information.de\/index.php\/hamad-international-airport-in-doha\/\">Hamad International Airport<\/a>, der von diversen Airlines aus Deutschland angeflogen wird.<\/p>\n<h3>Das Erscheinungsbild Dohas<\/h3>\n<p>Doha wird in einem atemberaubenden Tempo ausgebaut und ver\u00e4ndert sich st\u00e4ndig. Weiterhin w\u00e4chst die Hauptstadt Katar sehr schnell mit der Stadt Ar-Rayyan immer mehr zu einer einzigen Stadt zusammen. Die Einwohnerzahl von Doha betr\u00e4gt ca. 525.000 Einwohner (Stand: 2010). Werden die Einwohner des Umlandes von Doha mit eingerechnet, leben im Ballungsraum Doha ca. 800.000 Menschen. Somit wohnt jeder zweite Einwohner Katars in Doha, was auch erkl\u00e4rt, dass die gr\u00f6\u00dften Investitionen in Doha get\u00e4tigt werden. Das optische Erscheinungsbild Dohas ist stark von der schnell wachsenden Zahl von Hochh\u00e4usern gepr\u00e4gt, im Gegensatz zu den eher flach gebauten Wohnbereichen der Einwohner. Ebenso typisch f\u00fcr Doha sind die begr\u00fcnten Fl\u00e4chen, die mit Wasser \u00fcber die typischen kleinen schwarzen Plastikschl\u00e4uche versorgt werden. Dabei werden vor allem \u00f6ffentliche Pl\u00e4tze, Stra\u00dfen wie die Corniche bzw. der Streifen zwischen der Stadt und der Bucht bew\u00e4ssert.<\/p>\n<div id=\"attachment_529\" style=\"width: 810px\" class=\"wp-caption aligncenter\"><img loading=\"lazy\" decoding=\"async\" aria-describedby=\"caption-attachment-529\" class=\"size-full wp-image-529\" src=\"http:\/\/www.katar-information.de\/wp-content\/uploads\/2017\/01\/gruenflaeche-in-doha.jpg\" alt=\"Gr\u00fcnfl\u00e4che in Doha\" width=\"800\" height=\"381\" srcset=\"https:\/\/www.katar-information.de\/wp-content\/uploads\/2017\/01\/gruenflaeche-in-doha.jpg 800w, https:\/\/www.katar-information.de\/wp-content\/uploads\/2017\/01\/gruenflaeche-in-doha-300x143.jpg 300w, https:\/\/www.katar-information.de\/wp-content\/uploads\/2017\/01\/gruenflaeche-in-doha-768x366.jpg 768w\" sizes=\"auto, (max-width: 800px) 100vw, 800px\" \/><p id=\"caption-attachment-529\" class=\"wp-caption-text\">Gr\u00fcnfl\u00e4che in Doha<\/p><\/div>\n<h3>Museen in Doha<\/h3>\n<p>Besonders interessant f\u00fcr Urlauber und Besucher Dohas sind die verschiedenen Museen der Stadt. So befindet sich in Doha das Nationalmuseum Katar, welches 1975 erstmalig er\u00f6ffnet wurde. Von besonderer Bedeutung ist das Museum of Islamic Art, in welchem auf \u00fcber 40.000 Quadratmeter Pr\u00e4sentationsfl\u00e4che eine der bedeutendsten islamischen Kunstsammlungen zu betrachten ist. Neben der bedeutenden Kunstsammlung ist das Geb\u00e4ude, in welchem sich das Museum of Islamic Art befindet, selbst eine Attraktion. Es befindet sich auf einer k\u00fcnstlichen Aufsch\u00fcttung mitten im Hafen von Doha.<\/p>\n<div id=\"attachment_530\" style=\"width: 810px\" class=\"wp-caption aligncenter\"><img loading=\"lazy\" decoding=\"async\" aria-describedby=\"caption-attachment-530\" class=\"size-full wp-image-530\" src=\"http:\/\/www.katar-information.de\/wp-content\/uploads\/2017\/01\/museum-fuer-islamische-kunst.jpg\" alt=\"Museum f\u00fcr Islamische Kunst (The Museum of Islamic Art, Doha, Qatar)\" width=\"800\" height=\"423\" srcset=\"https:\/\/www.katar-information.de\/wp-content\/uploads\/2017\/01\/museum-fuer-islamische-kunst.jpg 800w, https:\/\/www.katar-information.de\/wp-content\/uploads\/2017\/01\/museum-fuer-islamische-kunst-300x159.jpg 300w, https:\/\/www.katar-information.de\/wp-content\/uploads\/2017\/01\/museum-fuer-islamische-kunst-768x406.jpg 768w\" sizes=\"auto, (max-width: 800px) 100vw, 800px\" \/><p id=\"caption-attachment-530\" class=\"wp-caption-text\">Museum f\u00fcr Islamische Kunst (The Museum of Islamic Art, Doha, Qatar)<\/p><\/div>\n","protected":false},"excerpt":{"rendered":"<div class=\"slide-text-bg2\"><span>Interessantes zur Hauptstadt von Katar Doha bedeutet auf arabisch ad-Dauha, ad-Dauha und im Dialekt ad-Doha was mit die Bucht \u00fcbersetzt werden kann. Der N<\/span><\/div>\n<div class=\"slide-btn-area-sm\"><a href=\"https:\/\/www.katar-information.de\/index.php\/doha-die-hauptstadt-von-katar\/\" class=\"slide-btn-sm\">weiterlesen<\/a><\/div>\n","protected":false},"author":1,"featured_media":0,"parent":0,"menu_order":40,"comment_status":"closed","ping_status":"closed","template":"","meta":{"footnotes":""},"class_list":["post-525","page","type-page","status-publish","hentry"],"_links":{"self":[{"href":"https:\/\/www.katar-information.de\/index.php\/wp-json\/wp\/v2\/pages\/525","targetHints":{"allow":["GET"]}}],"collection":[{"href":"https:\/\/www.katar-information.de\/index.php\/wp-json\/wp\/v2\/pages"}],"about":[{"href":"https:\/\/www.katar-information.de\/index.php\/wp-json\/wp\/v2\/types\/page"}],"author":[{"embeddable":true,"href":"https:\/\/www.katar-information.de\/index.php\/wp-json\/wp\/v2\/users\/1"}],"replies":[{"embeddable":true,"href":"https:\/\/www.katar-information.de\/index.php\/wp-json\/wp\/v2\/comments?post=525"}],"version-history":[{"count":14,"href":"https:\/\/www.katar-information.de\/index.php\/wp-json\/wp\/v2\/pages\/525\/revisions"}],"predecessor-version":[{"id":1565,"href":"https:\/\/www.katar-information.de\/index.php\/wp-json\/wp\/v2\/pages\/525\/revisions\/1565"}],"wp:attachment":[{"href":"https:\/\/www.katar-information.de\/index.php\/wp-json\/wp\/v2\/media?parent=525"}],"curies":[{"name":"wp","href":"https:\/\/api.w.org\/{rel}","templated":true}]}}