{"id":550,"date":"2017-01-12T11:29:59","date_gmt":"2017-01-12T10:29:59","guid":{"rendered":"http:\/\/www.katar-information.de\/?page_id=550"},"modified":"2017-05-07T16:09:43","modified_gmt":"2017-05-07T14:09:43","slug":"ausfahrt-mit-einer-dhow-in-doha","status":"publish","type":"page","link":"https:\/\/www.katar-information.de\/index.php\/doha-die-hauptstadt-von-katar\/ausfahrt-mit-einer-dhow-in-doha\/","title":{"rendered":"Ausfahrt mit einer Dhow in Doha"},"content":{"rendered":"<h2>Hafenausfahrt mit dem Fischerboot (Dhow) im Hafen von Doha<\/h2>\n<p>Dhows sind die traditionellen h\u00f6lzernen Boote zwischen Arabien und Indien, mit welchen der persische Golf seit jeher befahren wird. Dem Besucher Dohas werden die Dhows in der Bucht von Doha entlang der Corniche sofort ins Auge fallen.<\/p>\n<h3>Start einer Dhow-Ausfahrt an der Corniche (Doha)<\/h3>\n<p>Entlang der Corniche in Doha liegen zahlreiche Dhows vor Anker, deren Besitzer interessierten Katar-Touristen kosteng\u00fcnstig Ausfahrten mit ihren Dhows in die Bucht von Doha anbieten. Diese Ausfahrten kann man allein oder in der Gruppe buchen. Im Rahmen solch einer Dhowfahrt kann man z. B. schwimmen oder angeln im Persischen Golf, Musik h\u00f6ren und\/ oder grillen. Allerdings kann man auch eine Kreuzfahrt durch die Bucht von Doha durchf\u00fchren.<\/p>\n<div id=\"attachment_556\" style=\"width: 810px\" class=\"wp-caption aligncenter\"><img loading=\"lazy\" decoding=\"async\" aria-describedby=\"caption-attachment-556\" class=\"size-full wp-image-556\" src=\"http:\/\/www.katar-information.de\/wp-content\/uploads\/2017\/01\/ausfahrt-mit-einer-dow-in-doha-katar.jpg\" alt=\"Ausfahrt mit einer Dhow in Doha (Katar)\" width=\"800\" height=\"352\" srcset=\"https:\/\/www.katar-information.de\/wp-content\/uploads\/2017\/01\/ausfahrt-mit-einer-dow-in-doha-katar.jpg 800w, https:\/\/www.katar-information.de\/wp-content\/uploads\/2017\/01\/ausfahrt-mit-einer-dow-in-doha-katar-300x132.jpg 300w, https:\/\/www.katar-information.de\/wp-content\/uploads\/2017\/01\/ausfahrt-mit-einer-dow-in-doha-katar-768x338.jpg 768w\" sizes=\"auto, (max-width: 800px) 100vw, 800px\" \/><p id=\"caption-attachment-556\" class=\"wp-caption-text\">Ausfahrt mit einer Dhow in Doha (Katar)<\/p><\/div>\n<h3>Dhow-Ausfahrt in Al Wakra und Al Khor<\/h3>\n<p>Dhows sind \u00fcberall an den K\u00fcsten, Buchten bzw. Fischerh\u00e4fen z. B. von Al Wakra und Al Khor in Katar zu finden. Die Bezeichnung Dhow, Dhau bzw. Dau stammt vom Swahili-Wort dau, was so viel bedeutet wie &#8222;Fischerboot&#8220;. Oft verlassen die Dhows den Hafen mit gew\u00f6lbten Reusen, den sogenannten Gargoor. Diese Gargoor werden \u00fcber Nacht auf dem Meeresgrund mit K\u00f6dern abgesenkt. Urspr\u00fcnglich wurden diese aus Palmen gebaut, heute werden die Gargoor aus Maschendrahtzaun und verzinktem Rohr gefertigt. Wer gerne eine Angeltour unternehmen will kann daf\u00fcr auch andere kleine Schiffe f\u00fcr einen Tag oder halbtags mieten. Dhows eignen sich eher f\u00fcr Ausfahrten, in denen entspannt oder gefeiert werden soll.<\/p>\n","protected":false},"excerpt":{"rendered":"<div class=\"slide-text-bg2\"><span>Hafenausfahrt mit dem Fischerboot (Dhow) im Hafen von Doha Dhows sind die traditionellen h\u00f6lzernen Boote zwischen Arabien und Indien, mit welchen der pers<\/span><\/div>\n<div class=\"slide-btn-area-sm\"><a href=\"https:\/\/www.katar-information.de\/index.php\/doha-die-hauptstadt-von-katar\/ausfahrt-mit-einer-dhow-in-doha\/\" class=\"slide-btn-sm\">weiterlesen<\/a><\/div>\n","protected":false},"author":1,"featured_media":0,"parent":525,"menu_order":50,"comment_status":"closed","ping_status":"closed","template":"","meta":{"footnotes":""},"class_list":["post-550","page","type-page","status-publish","hentry"],"_links":{"self":[{"href":"https:\/\/www.katar-information.de\/index.php\/wp-json\/wp\/v2\/pages\/550","targetHints":{"allow":["GET"]}}],"collection":[{"href":"https:\/\/www.katar-information.de\/index.php\/wp-json\/wp\/v2\/pages"}],"about":[{"href":"https:\/\/www.katar-information.de\/index.php\/wp-json\/wp\/v2\/types\/page"}],"author":[{"embeddable":true,"href":"https:\/\/www.katar-information.de\/index.php\/wp-json\/wp\/v2\/users\/1"}],"replies":[{"embeddable":true,"href":"https:\/\/www.katar-information.de\/index.php\/wp-json\/wp\/v2\/comments?post=550"}],"version-history":[{"count":10,"href":"https:\/\/www.katar-information.de\/index.php\/wp-json\/wp\/v2\/pages\/550\/revisions"}],"predecessor-version":[{"id":1429,"href":"https:\/\/www.katar-information.de\/index.php\/wp-json\/wp\/v2\/pages\/550\/revisions\/1429"}],"up":[{"embeddable":true,"href":"https:\/\/www.katar-information.de\/index.php\/wp-json\/wp\/v2\/pages\/525"}],"wp:attachment":[{"href":"https:\/\/www.katar-information.de\/index.php\/wp-json\/wp\/v2\/media?parent=550"}],"curies":[{"name":"wp","href":"https:\/\/api.w.org\/{rel}","templated":true}]}}