{"id":706,"date":"2017-01-14T12:39:05","date_gmt":"2017-01-14T11:39:05","guid":{"rendered":"http:\/\/www.katar-information.de\/?page_id=706"},"modified":"2017-05-07T16:14:03","modified_gmt":"2017-05-07T14:14:03","slug":"austragungsorte-der-fussball-wm-2022-in-katar","status":"publish","type":"page","link":"https:\/\/www.katar-information.de\/index.php\/fifa-fussball-wm-2022-in-katar\/austragungsorte-der-fussball-wm-2022-in-katar\/","title":{"rendered":"Austragungsorte der Fussball-WM 2022 in Katar"},"content":{"rendered":"<h2>Spielorte der Fussball-WM in Katar<\/h2>\n<p>Zu den Austragungsorten der Fu\u00dfball-Weltmeisterschaft 2022 in Katar geh\u00f6ren folgende St\u00e4dte:<\/p>\n<ul>\n<li>Doha<\/li>\n<li>Lusail<\/li>\n<li>Al-Khor<\/li>\n<li>Al-Schamal<\/li>\n<li>Al-Wakra<\/li>\n<li>Umm Salal<\/li>\n<li>Al Rayyan<\/li>\n<\/ul>\n<p>Dank der kurzen Wege, zwischen den einzelnen Austragungsorten, wird es das erste Mal in der Geschichte der FIFA Fu\u00dfball-Weltmeisterschaft f\u00fcr Fu\u00dfball-Fans m\u00f6glich sein, zwei WM-Fu\u00dfballspiele an einem Tag sehen zu k\u00f6nnen.<\/p>\n<h3>Doha Metro Verbindung zwischen den Austragungsorten<\/h3>\n<p>Die Austragungsorte der <a href=\"http:\/\/www.katar-information.de\/index.php\/fifa-fussball-wm-2022-in-katar\/\">FIFA Fu\u00dfball-Weltmeisterschaft 2022 in Katar<\/a> sind an das Netz der Railway System angeschlossen. Dabei ist die Doha-Metro der Kernbestandteil des Nahverkehrsystems.<\/p>\n","protected":false},"excerpt":{"rendered":"<div class=\"slide-text-bg2\"><span>Spielorte der Fussball-WM in Katar Zu den Austragungsorten der Fu\u00dfball-Weltmeisterschaft 2022 in Katar geh\u00f6ren folgende St\u00e4dte: Doha Lusail Al-Khor Al-S<\/span><\/div>\n<div class=\"slide-btn-area-sm\"><a href=\"https:\/\/www.katar-information.de\/index.php\/fifa-fussball-wm-2022-in-katar\/austragungsorte-der-fussball-wm-2022-in-katar\/\" class=\"slide-btn-sm\">weiterlesen<\/a><\/div>\n","protected":false},"author":1,"featured_media":0,"parent":35,"menu_order":60,"comment_status":"closed","ping_status":"closed","template":"","meta":{"footnotes":""},"class_list":["post-706","page","type-page","status-publish","hentry"],"_links":{"self":[{"href":"https:\/\/www.katar-information.de\/index.php\/wp-json\/wp\/v2\/pages\/706","targetHints":{"allow":["GET"]}}],"collection":[{"href":"https:\/\/www.katar-information.de\/index.php\/wp-json\/wp\/v2\/pages"}],"about":[{"href":"https:\/\/www.katar-information.de\/index.php\/wp-json\/wp\/v2\/types\/page"}],"author":[{"embeddable":true,"href":"https:\/\/www.katar-information.de\/index.php\/wp-json\/wp\/v2\/users\/1"}],"replies":[{"embeddable":true,"href":"https:\/\/www.katar-information.de\/index.php\/wp-json\/wp\/v2\/comments?post=706"}],"version-history":[{"count":12,"href":"https:\/\/www.katar-information.de\/index.php\/wp-json\/wp\/v2\/pages\/706\/revisions"}],"predecessor-version":[{"id":1437,"href":"https:\/\/www.katar-information.de\/index.php\/wp-json\/wp\/v2\/pages\/706\/revisions\/1437"}],"up":[{"embeddable":true,"href":"https:\/\/www.katar-information.de\/index.php\/wp-json\/wp\/v2\/pages\/35"}],"wp:attachment":[{"href":"https:\/\/www.katar-information.de\/index.php\/wp-json\/wp\/v2\/media?parent=706"}],"curies":[{"name":"wp","href":"https:\/\/api.w.org\/{rel}","templated":true}]}}