{"id":834,"date":"2017-01-15T23:37:55","date_gmt":"2017-01-15T22:37:55","guid":{"rendered":"http:\/\/www.katar-information.de\/?page_id=834"},"modified":"2017-12-08T21:04:45","modified_gmt":"2017-12-08T20:04:45","slug":"moscheen-und-minarette-in-katar","status":"publish","type":"page","link":"https:\/\/www.katar-information.de\/index.php\/sehenswuerdigkeiten-in-katar\/moscheen-und-minarette-in-katar\/","title":{"rendered":"Moscheen und Minarette in Katar"},"content":{"rendered":"<h2>Moscheen und Minarette in Katar<\/h2>\n<p>Katar befindet sich in der N\u00e4he der arabischen Halbinsel im Persischen Golf und ist per <a href=\"http:\/\/www.katar-information.de\/index.php\/flug-nach-doha-katar\/flugzeit-nach-doha-katar\/\">Flug nach Doha<\/a> innerhalb von ca. 6 Flugstunden zu erreichen. Das Land Katar ist ein islamisches Land, genauer gesagt ein Emirat, in dem es sehr viele interessante Moscheen und Minarette f\u00fcr Touristen bzw. Reisende zu besichtigen gibt.<\/p>\n<h3>Traditionelle und moderne Bauweise von Moscheen und Minaretten<\/h3>\n<p>Fr\u00fcher wurden die Moscheen in Katar in traditioneller Bauweise vor allem aus Korallen, Felsen, Schlamm und Holz gebaut. Im Gegensatz zu den in der j\u00fcngeren Vergangenheit gebauten Moscheen des 21. Jahrhunderts, die aus Ziegeln und Beton errichtet wurden. Die heutigen Baumaterialien erlauben auch den Bau von Kuppeln, welche die flachen D\u00e4cher der traditionellen Moscheen Katars abl\u00f6sen. Durch die neue Bauweise gibt es in den modernen Moscheen, die typischen Moschee-Innenh\u00f6fe nur noch selten. Oft werden diese durch eine Art dekorativen Pool bzw. ein Waschbecken ersetzt.<\/p>\n<h3>Fanar Kulturzentrum und Spiral-Moschee<\/h3>\n<p>Das Fanar Kulturzentrum und die Spiral-Moschee (Qatar Islamic Culture Center &amp; Moschee) bilden gemeinsam ein modernes islamisches Kulturzentrum und befinden sich in Doha unweit der Corniche.<\/p>\n<div id=\"attachment_839\" style=\"width: 810px\" class=\"wp-caption aligncenter\"><img loading=\"lazy\" decoding=\"async\" aria-describedby=\"caption-attachment-839\" class=\"size-full wp-image-839\" src=\"http:\/\/www.katar-information.de\/wp-content\/uploads\/2017\/01\/spiral-moschee-des-fanar-kulturzentrum-in-doha-katar.jpg\" alt=\"Spiral-Moschee des Fanar Kulturzentrum in Doha (Katar)\" width=\"800\" height=\"581\" srcset=\"https:\/\/www.katar-information.de\/wp-content\/uploads\/2017\/01\/spiral-moschee-des-fanar-kulturzentrum-in-doha-katar.jpg 800w, https:\/\/www.katar-information.de\/wp-content\/uploads\/2017\/01\/spiral-moschee-des-fanar-kulturzentrum-in-doha-katar-300x218.jpg 300w, https:\/\/www.katar-information.de\/wp-content\/uploads\/2017\/01\/spiral-moschee-des-fanar-kulturzentrum-in-doha-katar-768x558.jpg 768w\" sizes=\"auto, (max-width: 800px) 100vw, 800px\" \/><p id=\"caption-attachment-839\" class=\"wp-caption-text\">Spiral-Moschee des Fanar Kulturzentrum in Doha (Katar)<\/p><\/div>\n<h4>Dohas Wahrzeichen die Spiral-Moschee des Fanar Kulturzentrum<\/h4>\n<p>Die Spiral-Moschee ist durch ihre einzigartige Bauweise mit dem wundersch\u00f6nen Minarett schon von weitem aus der Bucht von Doha (Doha Bay) zu sehen und gilt als eine Art Wahrzeichen von Doha. Die Moschee des Fanar Kulturzentrums ist aktuell die gr\u00f6\u00dfte Moschee des Landes Katar.<\/p>\n<h4>Bildungsm\u00f6glichkeiten und Besuchertouren im Fanar Kulturzentrum<\/h4>\n<p>Das Fanar Cultural Center (Fanar Kulturzentrum) bietet allen Menschen die M\u00f6glichkeit mehr \u00fcber den Islam zu erfahren. Ebenso werden auf dem Areal diverse Bildungsm\u00f6glichkeiten angeboten, wie z. B. das Lernen der arabischen Sprache. Im Fanar Kulturzentrum findet jeden letzten Freitag eine Besucher-Tour statt. Diese dauert ca. 3 Stunden und ist kostenlos f\u00fcr alle Besucher einschlie\u00dflich Touristen bzw. Urlauber.<\/p>\n<h3>Abu Manaratain Moschee und die Simaisma Moschee<\/h3>\n<p>Die Abu Manaratain Moschee und die Simaisma Moschee in Katar sind besonders erw\u00e4hnenswerte Moscheen.<\/p>\n<h3>Abu Manaratain Moschee<\/h3>\n<p>Der Name Abu Manaratain Moschee bedeutet auf Arabisch, Moschee mit zwei Minaretten. Diesen Namen tr\u00e4gt sie, obwohl sie nur ein Minarett besitzt. Dies ist nicht das einzig Au\u00dfergew\u00f6hliche an der Abu Manaratain Moschee. Ebenso fehlen beispielsweise die \u00e4u\u00dferen Mauern, die \u00fcblicherweise um eine Moschee in Katar platziert sind. Die Abu Manaratain Moschee wurde 2004 renoviert und ist seit dem besonders bei \u00a0Katar-Touristen sehr beliebt.<\/p>\n<h3>Simaisma Moschee<\/h3>\n<p>Die Moschee von Simaisma befindet sich im Dorf Simaisma. Dieses Dorf entspricht den typischen Touristenvorstellungen an ein arabisches Dorf. Das Dorf ist ca. 42 Kilometer n\u00f6rdlich von Doha gelegen. Die Moschee von Simaisma wurde im 19. Jahrhundert erbaut und ist t\u00e4glich von Sonnenaufgang bis zum sp\u00e4ten Nachmittag ge\u00f6ffnet. Die Simaisma Moschee ist ein Ort der Ruhe und des Gebets. Auf dem Gel\u00e4nde der Simaisma Moschee ist eine Koranschule untergebracht. Katar-Touristen werden angehalten, die Moschee nicht w\u00e4hrend der Gebetszeiten zu betreten oder zu fotografieren.<\/p>\n","protected":false},"excerpt":{"rendered":"<div class=\"slide-text-bg2\"><span>Moscheen und Minarette in Katar Katar befindet sich in der N\u00e4he der arabischen Halbinsel im Persischen Golf und ist per Flug nach Doha innerhalb von ca. 6<\/span><\/div>\n<div class=\"slide-btn-area-sm\"><a href=\"https:\/\/www.katar-information.de\/index.php\/sehenswuerdigkeiten-in-katar\/moscheen-und-minarette-in-katar\/\" class=\"slide-btn-sm\">weiterlesen<\/a><\/div>\n","protected":false},"author":1,"featured_media":0,"parent":107,"menu_order":20,"comment_status":"closed","ping_status":"closed","template":"","meta":{"footnotes":""},"class_list":["post-834","page","type-page","status-publish","hentry"],"_links":{"self":[{"href":"https:\/\/www.katar-information.de\/index.php\/wp-json\/wp\/v2\/pages\/834","targetHints":{"allow":["GET"]}}],"collection":[{"href":"https:\/\/www.katar-information.de\/index.php\/wp-json\/wp\/v2\/pages"}],"about":[{"href":"https:\/\/www.katar-information.de\/index.php\/wp-json\/wp\/v2\/types\/page"}],"author":[{"embeddable":true,"href":"https:\/\/www.katar-information.de\/index.php\/wp-json\/wp\/v2\/users\/1"}],"replies":[{"embeddable":true,"href":"https:\/\/www.katar-information.de\/index.php\/wp-json\/wp\/v2\/comments?post=834"}],"version-history":[{"count":12,"href":"https:\/\/www.katar-information.de\/index.php\/wp-json\/wp\/v2\/pages\/834\/revisions"}],"predecessor-version":[{"id":1889,"href":"https:\/\/www.katar-information.de\/index.php\/wp-json\/wp\/v2\/pages\/834\/revisions\/1889"}],"up":[{"embeddable":true,"href":"https:\/\/www.katar-information.de\/index.php\/wp-json\/wp\/v2\/pages\/107"}],"wp:attachment":[{"href":"https:\/\/www.katar-information.de\/index.php\/wp-json\/wp\/v2\/media?parent=834"}],"curies":[{"name":"wp","href":"https:\/\/api.w.org\/{rel}","templated":true}]}}